{"id":8,"date":"2020-03-04T17:23:03","date_gmt":"2020-03-04T16:23:03","guid":{"rendered":"http:\/\/serwer2063028.home.pl\/autoinstalator\/wordpressplugins\/?page_id=8"},"modified":"2025-11-24T17:40:22","modified_gmt":"2025-11-24T16:40:22","slug":"wladze-aip","status":"publish","type":"page","link":"https:\/\/akademiainzynierska.pl\/index.php\/wladze-aip\/","title":{"rendered":"W\u0142adze AIP"},"content":{"rendered":"\n<p>Najwy\u017csz\u0105 w\u0142adz\u0105 Akademii jest Zgromadzenie Og\u00f3lne.<\/p>\n\n\n\n<p>Dzia\u0142alno\u015bci\u0105 Akademii kieruje <strong>Komitet Wykonawczy:<\/strong><\/p>\n\n\n\n<p><strong>Prezes<\/strong> &#8211; Teofil Jesionowski<\/p>\n\n\n\n<p><strong>Wiceprezes &#8211; <\/strong>Sebastian Skoczypiec<\/p>\n\n\n\n<p><strong>Wiceprezes<\/strong> &#8211; <a href=\"https:\/\/akademiainzynierska.pl\/index.php\/czlonkowie-akademii\/#ewk\" data-type=\"link\" data-id=\"https:\/\/akademiainzynierska.pl\/index.php\/czlonkowie-akademii\/EWK\">Emilia Wo\u0142owiec Korecka<\/a><\/p>\n\n\n\n<p><strong>Sekretarz Generalny&nbsp;<\/strong> &#8211; Dorota Oniszczuk-\u015awiercz<\/p>\n\n\n\n<p><strong>Skarbnik<\/strong> &#8211; Albert Smalcerz<\/p>\n\n\n\n<p><strong>Prezes Honorowy<\/strong> &#8211; Jerzy Barglik<\/p>\n\n\n\n<p><strong>Cz\u0142onkowie:<\/strong><\/p>\n\n\n\n<p>Leszek Dobrza\u0144ski<\/p>\n\n\n\n<p>Tadeusz Kamisi\u0144ski<\/p>\n\n\n\n<p>Jerzy Lis<\/p>\n\n\n\n<p>Ewa Ma\u0144kiewicz-Cudny<\/p>\n\n\n\n<p><a href=\"https:\/\/akademiainzynierska.pl\/index.php\/czlonkowie-akademii\/#Ax\" data-type=\"page\" data-id=\"1964\">Adrian Smag\u00f3r<\/a><\/p>\n\n\n\n<p><strong>Komisja Rewizyjna:<\/strong><\/p>\n\n\n\n<p>Przewodnicz\u0105cy &#8211; prof. Leszek Rafalski<\/p>\n\n\n\n<p>Wiceprzewodnicz\u0105cy, &nbsp;Sekretarz &#8211; Stanis\u0142aw M\u0142ynarski<\/p>\n\n\n\n<p>Bogdan Kuberacki<\/p>\n\n\n\n<p>Miros\u0142aw Luft<\/p>\n\n\n\n<p>Andrzej Pachuta<\/p>\n\n\n\n<p><strong>Rada ds. Cz\u0142onkostwa:<\/strong><\/p>\n\n\n\n<p>Przewodnicz\u0105cy &#8211; J\u00f3zef Gawlik<\/p>\n\n\n\n<p>Wiceprzewodnicz\u0105ca &#8211; Anna Dobrza\u0144ska-Danikiewicz<\/p>\n\n\n\n<p>Sekretarz &#8211; Marcin Grabowski\u00a0<\/p>\n\n\n\n<p>Wojciech Batko<\/p>\n\n\n\n<p>Adam Hamrol<\/p>\n\n\n\n<p>Olga Orynycz<\/p>\n\n\n\n<p>Tadeusz Wierzcho\u0144<\/p>\n\n\n\n<p>Adam Wi\u015bniewski<\/p>\n\n\n\n<p>Kamil W\u00f3jcik<\/p>\n\n\n\n<p><strong>Kapitu\u0142a Medalu Honorowego im. G. Narutowicza:<\/strong><\/p>\n\n\n\n<p>Andrzeja Bratkowski<\/p>\n\n\n\n<p>Mieczys\u0142aw Hering&nbsp;<\/p>\n\n\n\n<p>Ewa Ma\u0144kiewicz-Cudny<\/p>\n\n\n\n<p>Krzysztof Michalski<\/p>\n\n\n\n<p>Dariusz \u015awisulski<\/p>\n\n\n\n<p><strong>Pe\u0142nomocnik do spraw wsp\u00f3\u0142pracy z CAETS i Akademiami zagranicznymi<\/strong><\/p>\n\n\n\n<p>Janusz Szpytko<\/p>\n\n\n\n<p><\/p>\n","protected":false},"excerpt":{"rendered":"<p>Najwy\u017csz\u0105 w\u0142adz\u0105 Akademii jest Zgromadzenie Og\u00f3lne. Dzia\u0142alno\u015bci\u0105 Akademii kieruje Komitet Wykonawczy: Prezes &#8211; Teofil Jesionowski Wiceprezes &#8211; Sebastian Skoczypiec Wiceprezes &#8211; Emilia Wo\u0142owiec Korecka Sekretarz&#8230;<\/p>\n","protected":false},"author":2,"featured_media":0,"parent":0,"menu_order":0,"comment_status":"closed","ping_status":"closed","template":"","meta":{"footnotes":""},"class_list":["post-8","page","type-page","status-publish","hentry"],"_links":{"self":[{"href":"https:\/\/akademiainzynierska.pl\/index.php\/wp-json\/wp\/v2\/pages\/8","targetHints":{"allow":["GET"]}}],"collection":[{"href":"https:\/\/akademiainzynierska.pl\/index.php\/wp-json\/wp\/v2\/pages"}],"about":[{"href":"https:\/\/akademiainzynierska.pl\/index.php\/wp-json\/wp\/v2\/types\/page"}],"author":[{"embeddable":true,"href":"https:\/\/akademiainzynierska.pl\/index.php\/wp-json\/wp\/v2\/users\/2"}],"replies":[{"embeddable":true,"href":"https:\/\/akademiainzynierska.pl\/index.php\/wp-json\/wp\/v2\/comments?post=8"}],"version-history":[{"count":22,"href":"https:\/\/akademiainzynierska.pl\/index.php\/wp-json\/wp\/v2\/pages\/8\/revisions"}],"predecessor-version":[{"id":1992,"href":"https:\/\/akademiainzynierska.pl\/index.php\/wp-json\/wp\/v2\/pages\/8\/revisions\/1992"}],"wp:attachment":[{"href":"https:\/\/akademiainzynierska.pl\/index.php\/wp-json\/wp\/v2\/media?parent=8"}],"curies":[{"name":"wp","href":"https:\/\/api.w.org\/{rel}","templated":true}]}}