{"id":377,"date":"2021-11-26T07:28:27","date_gmt":"2021-11-26T06:28:27","guid":{"rendered":"https:\/\/akademiainzynierska.pl\/?page_id=377"},"modified":"2021-12-23T11:41:07","modified_gmt":"2021-12-23T10:41:07","slug":"xxxvii-nadzwyczajne-zgromadzenie-aip","status":"publish","type":"page","link":"https:\/\/akademiainzynierska.pl\/index.php\/xxxvii-nadzwyczajne-zgromadzenie-aip\/","title":{"rendered":"XXXVII Nadzwyczajne Zgromadzenie AIP"},"content":{"rendered":"\n<p>XXXVII Zgromadzenie Og\u00f3lne cz\u0142onk\u00f3w Akademii In\u017cynierskiej w Polsce odby\u0142o si\u0119 w <\/p>\n\n\n\n<p>we wtorek&nbsp; 14 grudnia 2021 roku <\/p>\n\n\n\n<p> o godz. 11:15 (II termin). <\/p>\n\n\n\n<p>Zgromadzenie odby\u0142o si\u0119 &nbsp;w trybie hybrydowym: stacjonarnie na Wydziale In\u017cynierii Materia\u0142owej Politechniki Warszawskiej oraz zdalnie za po\u015brednictwem platformy internetowej.<\/p>\n\n\n\n<p>zapraszamy do zapoznania si\u0119 z prezentacj\u0105:<\/p>\n\n\n\n<p><\/p>\n\n\n\n<div class=\"wp-block-file\"><a href=\"https:\/\/akademiainzynierska.pl\/wp-content\/uploads\/2021\/12\/prezentacjaZO.pdf\" target=\"_blank\" rel=\"noreferrer noopener\">prezentacjaZO<\/a><a href=\"https:\/\/akademiainzynierska.pl\/wp-content\/uploads\/2021\/12\/prezentacjaZO.pdf\" class=\"wp-block-file__button\" download>Pobierz<\/a><\/div>\n\n\n\n<p><\/p>\n\n\n\n<p>Prezentacja Wydzia\u0142u In\u017cynierii Materia\u0142owej Politechniki Warszawskiej:<\/p>\n\n\n\n<p><\/p>\n\n\n\n<div class=\"wp-block-file\"><a href=\"https:\/\/akademiainzynierska.pl\/wp-content\/uploads\/2021\/12\/AIP_wim.pdf\">AIP_wim<\/a><a href=\"https:\/\/akademiainzynierska.pl\/wp-content\/uploads\/2021\/12\/AIP_wim.pdf\" class=\"wp-block-file__button\" download>Pobierz<\/a><\/div>\n\n\n\n<p><\/p>\n\n\n\n<p>Prezentacja sylwetki Profesor Maciej W. Grabski<\/p>\n\n\n\n<div class=\"wp-block-file\"><a href=\"https:\/\/akademiainzynierska.pl\/wp-content\/uploads\/2021\/12\/MWG-2.pdf\">MWG-2<\/a><a href=\"https:\/\/akademiainzynierska.pl\/wp-content\/uploads\/2021\/12\/MWG-2.pdf\" class=\"wp-block-file__button\" download>Pobierz<\/a><\/div>\n\n\n\n<figure class=\"wp-block-image size-full is-resized\"><img loading=\"lazy\" decoding=\"async\" src=\"https:\/\/akademiainzynierska.pl\/wp-content\/uploads\/2021\/11\/image-1.png\" alt=\"\" class=\"wp-image-393\" width=\"838\" height=\"1196\" srcset=\"https:\/\/akademiainzynierska.pl\/wp-content\/uploads\/2021\/11\/image-1.png 463w, https:\/\/akademiainzynierska.pl\/wp-content\/uploads\/2021\/11\/image-1-210x300.png 210w\" sizes=\"auto, (max-width: 838px) 100vw, 838px\" \/><\/figure>\n\n\n\n<div class=\"wp-block-group\"><div class=\"wp-block-group__inner-container is-layout-flow wp-block-group-is-layout-flow\">\n<div class=\"wp-block-file\"><a href=\"https:\/\/akademiainzynierska.pl\/index.php\/xxxvii-nadzwyczajne-zgromadzenie-aip\/zaproszenie_aip_xxxvii-1\/\">zaproszenie_AIP_XXXVII<\/a><a href=\"https:\/\/akademiainzynierska.pl\/wp-content\/uploads\/2021\/11\/zaproszenie_AIP_XXXVII-1.pdf\" class=\"wp-block-file__button\" download>Pobierz<\/a><\/div>\n\n\n\n<p><\/p>\n\n\n\n<div class=\"wp-block-file\"><a href=\"https:\/\/akademiainzynierska.pl\/wp-content\/uploads\/2021\/11\/karta-zgloszenia-1.docx\">edytowalna karta-zgloszenia<\/a><a href=\"https:\/\/akademiainzynierska.pl\/wp-content\/uploads\/2021\/11\/karta-zgloszenia-1.docx\" class=\"wp-block-file__button\" download>Pobierz<\/a><\/div>\n\n\n\n<p><\/p>\n<\/div><\/div>\n\n\n\n<div class=\"wp-block-file\"><a href=\"https:\/\/akademiainzynierska.pl\/wp-content\/uploads\/2021\/11\/karta-zgloszenia-2.pdf\">do druku karta-zgloszenia<\/a><a href=\"https:\/\/akademiainzynierska.pl\/wp-content\/uploads\/2021\/11\/karta-zgloszenia-2.pdf\" class=\"wp-block-file__button\" download>Pobierz<\/a><\/div>\n\n\n\n<p><\/p>\n\n\n\n<p><\/p>\n\n\n\n<p class=\"has-text-align-center\"><strong>UCHWA\u0141A KOMITETU WYKONAWCZEGO<\/strong><\/p>\n\n\n\n<p class=\"has-text-align-center\"><strong>&nbsp; AIP&nbsp; z dnia 26 listopada&nbsp; 2021 roku<\/strong><\/p>\n\n\n\n<p class=\"has-text-align-center\"><strong>&nbsp;w sprawie zwo\u0142ania<\/strong><\/p>\n\n\n\n<p class=\"has-text-align-center\"><strong>&nbsp;&nbsp;&nbsp;&nbsp;&nbsp;&nbsp;&nbsp; XXXVII NADZWYCZAJNEGO ZGROMADZENIA OG\u00d3LNEGO AKADEMII IN\u017bYNIERSKIEJ W POLSCE<\/strong><\/p>\n\n\n\n<p>Na podstawie paragrafu 10 punkt 1 statutu AIP Komitet Wykonawczy zwo\u0142uje XXXVII Zgromadzenie Og\u00f3lne cz\u0142onk\u00f3w Akademii In\u017cynierskiej w Polsce <\/p>\n\n\n\n<p>na wtorek&nbsp; 14 grudnia 2021 roku o godz. 11:00 (I termin)&nbsp;<\/p>\n\n\n\n<p> lub o godz. 11:15 (II termin). <\/p>\n\n\n\n<p>Zgromadzenie odb\u0119dzie si\u0119 &nbsp;w trybie hybrydowym: stacjonarnie na Wydziale In\u017cynierii Materia\u0142owej Politechniki Warszawskiej oraz zdalnie za po\u015brednictwem platformy internetowej.<\/p>\n\n\n\n<p class=\"has-text-align-right\">&nbsp; &nbsp;&nbsp;&nbsp;&nbsp;&nbsp;&nbsp;&nbsp;&nbsp;&nbsp;&nbsp;&nbsp;&nbsp;&nbsp;&nbsp;&nbsp;&nbsp;&nbsp;&nbsp;&nbsp;&nbsp;&nbsp;&nbsp;&nbsp;&nbsp;&nbsp;&nbsp;&nbsp;&nbsp;&nbsp;&nbsp;&nbsp;&nbsp;&nbsp;&nbsp;&nbsp;&nbsp;&nbsp;&nbsp;&nbsp;&nbsp;&nbsp;&nbsp;&nbsp;&nbsp;&nbsp;&nbsp;&nbsp;&nbsp;&nbsp;&nbsp;&nbsp;&nbsp;&nbsp;&nbsp;&nbsp;&nbsp;&nbsp;&nbsp;&nbsp;&nbsp;&nbsp;&nbsp;&nbsp;&nbsp;&nbsp;&nbsp;&nbsp;&nbsp;&nbsp;&nbsp;&nbsp;&nbsp;&nbsp;&nbsp;&nbsp;&nbsp;&nbsp;&nbsp;&nbsp;&nbsp;&nbsp;&nbsp;&nbsp;&nbsp;&nbsp;&nbsp;&nbsp;&nbsp;&nbsp;&nbsp;&nbsp;&nbsp;&nbsp;&nbsp;&nbsp;&nbsp;&nbsp;&nbsp;&nbsp;&nbsp;&nbsp;&nbsp;&nbsp;&nbsp;&nbsp;&nbsp;&nbsp;&nbsp;&nbsp;&nbsp;&nbsp;&nbsp;&nbsp;&nbsp;&nbsp; &nbsp;Prezes AIP<\/p>\n\n\n\n<p class=\"has-text-align-right\">Jerzy Barglik<\/p>\n","protected":false},"excerpt":{"rendered":"<p>XXXVII Zgromadzenie Og\u00f3lne cz\u0142onk\u00f3w Akademii In\u017cynierskiej w Polsce odby\u0142o si\u0119 w we wtorek&nbsp; 14 grudnia 2021 roku o godz. 11:15 (II termin). Zgromadzenie odby\u0142o si\u0119&#8230;<\/p>\n","protected":false},"author":2,"featured_media":0,"parent":0,"menu_order":0,"comment_status":"closed","ping_status":"closed","template":"","meta":{"footnotes":""},"class_list":["post-377","page","type-page","status-publish","hentry"],"_links":{"self":[{"href":"https:\/\/akademiainzynierska.pl\/index.php\/wp-json\/wp\/v2\/pages\/377","targetHints":{"allow":["GET"]}}],"collection":[{"href":"https:\/\/akademiainzynierska.pl\/index.php\/wp-json\/wp\/v2\/pages"}],"about":[{"href":"https:\/\/akademiainzynierska.pl\/index.php\/wp-json\/wp\/v2\/types\/page"}],"author":[{"embeddable":true,"href":"https:\/\/akademiainzynierska.pl\/index.php\/wp-json\/wp\/v2\/users\/2"}],"replies":[{"embeddable":true,"href":"https:\/\/akademiainzynierska.pl\/index.php\/wp-json\/wp\/v2\/comments?post=377"}],"version-history":[{"count":14,"href":"https:\/\/akademiainzynierska.pl\/index.php\/wp-json\/wp\/v2\/pages\/377\/revisions"}],"predecessor-version":[{"id":537,"href":"https:\/\/akademiainzynierska.pl\/index.php\/wp-json\/wp\/v2\/pages\/377\/revisions\/537"}],"wp:attachment":[{"href":"https:\/\/akademiainzynierska.pl\/index.php\/wp-json\/wp\/v2\/media?parent=377"}],"curies":[{"name":"wp","href":"https:\/\/api.w.org\/{rel}","templated":true}]}}