{"id":14,"date":"2020-03-04T17:23:03","date_gmt":"2020-03-04T16:23:03","guid":{"rendered":"http:\/\/serwer2063028.home.pl\/autoinstalator\/wordpressplugins\/?page_id=14"},"modified":"2025-03-08T21:39:51","modified_gmt":"2025-03-08T20:39:51","slug":"pliki-do-pobrania","status":"publish","type":"page","link":"https:\/\/akademiainzynierska.pl\/index.php\/pliki-do-pobrania\/","title":{"rendered":"Pliki do pobrania"},"content":{"rendered":"\n<ol class=\"wp-block-list\">\n<li><strong>Wr\u0119czenie medalu prof. W\u0142adys\u0142awowi Bartoszewskiemu<\/strong>&nbsp;&#8211;&nbsp;<a href=\"https:\/\/akademiainzynierska.pl\/images\/stories\/pliki_do_pobrania\/Wreczenie_medalu.zip\">galeria zdj\u0119\u0107&nbsp; &#8211; format zip rozmiar 9,46 MB<\/a><\/li>\n\n\n\n<li>Newsletter AIP nr 1&nbsp;&nbsp;<a href=\"https:\/\/akademiainzynierska.pl\/images\/newsletter\/newsletter-aip-1.pdf\">Pobierz Newsletter nr 1\/2019<\/a><\/li>\n\n\n\n<li>Newsletter AIP nr 2&nbsp;&nbsp;<a href=\"https:\/\/akademiainzynierska.pl\/images\/newsletter\/newsletter-aip-2.pdf\">Pobierz Newsletter nr 2\/2019<\/a><\/li>\n\n\n\n<li>Materia\u0142y z zebrania&nbsp;<a href=\"https:\/\/akademiainzynierska.pl\/images\/pliki\/materialykw\">Pobierz Materia\u0142y z KW (7z)<\/a><\/li>\n\n\n\n<li>Zaproszenie na Seminarium&nbsp;<a href=\"https:\/\/akademiainzynierska.pl\/images\/pliki\/aip.pdf\">Pobierz zaproszenie (pdf)<\/a><\/li>\n\n\n\n<li>Ankieta AIP\u00a0<a href=\"https:\/\/akademiainzynierska.pl\/wp-content\/uploads\/2025\/03\/AIP-ankieta-dla-kandydatow-2025.docx\">Pobierz ankiet\u0119 (docx)<\/a><\/li>\n\n\n\n<li>Newsletter AIP nr 3&nbsp;&nbsp;<a href=\"https:\/\/akademiainzynierska.pl\/images\/newsletter\/newsletter-aip-3.pdf\">Pobierz Newsletter nr 3\/2019<\/a><\/li>\n\n\n\n<li>Newsletter AIP nr 4&nbsp;&nbsp;<a href=\"https:\/\/akademiainzynierska.pl\/images\/newsletter\/newsletter-aip-4.pdf\">Pobierz Newsletter nr 4\/2019<\/a><\/li>\n\n\n\n<li>Newsletter AIP nr 5&nbsp;&nbsp;<a href=\"https:\/\/akademiainzynierska.pl\/images\/newsletter\/newsletter-aip-5.pdf\">Pobierz Newsletter nr 5(1)\/2020<\/a><\/li>\n\n\n\n<li>Sprawozdanie Merytoryczne AIP za rok 2019 <a rel=\"noreferrer noopener\" href=\"http:\/\/akademiainzynierska.pl\/wp-content\/uploads\/2020\/11\/sprawozdanie-AIP2019.pdf\" target=\"_blank\">Pobierz Sprawozdanie<\/a><\/li>\n\n\n\n<li>Newsletter AIP nr 6&nbsp;&nbsp;<a rel=\"noreferrer noopener\" href=\"https:\/\/akademiainzynierska.pl\/wp-content\/uploads\/2020\/12\/newsletter-aip-6.pdf\" target=\"_blank\">Pobierz Newsletter nr 6(2)\/2020<\/a><\/li>\n\n\n\n<li>Newsletter AIP nr 7 <a href=\"https:\/\/akademiainzynierska.pl\/wp-content\/uploads\/2020\/12\/newsletter-aip-7.pdf\">Pobierz Newsletter nr 7(3)\/2020<\/a><\/li>\n\n\n\n<li>Uchwa\u0142y nr 1 &#8211; 4 <a rel=\"noreferrer noopener\" href=\"https:\/\/akademiainzynierska.pl\/wp-content\/uploads\/2020\/12\/UCHWALYnr1-4.pdf\" target=\"_blank\">Pobierz Uchwa\u0142y 1-4<\/a><\/li>\n\n\n\n<li>Newsletter AIP nr 8 <a rel=\"noreferrer noopener\" href=\"https:\/\/akademiainzynierska.pl\/wp-content\/uploads\/2020\/12\/NEWSLETTER-AIP8.pdf\" data-type=\"URL\" target=\"_blank\">Pobierz Newsletter nr 8(4)\/2020<\/a><\/li>\n\n\n\n<li>Newsletter AIP nr 9 <a rel=\"noreferrer noopener\" href=\"https:\/\/akademiainzynierska.pl\/wp-content\/uploads\/2021\/02\/NEWSLETTER-AIP9.pdf\" target=\"_blank\">Pobierz Newsletter nr 9(1)\/2021<\/a><\/li>\n\n\n\n<li>Newsletter AIP nr 10 <a rel=\"noreferrer noopener\" href=\"https:\/\/akademiainzynierska.pl\/wp-content\/uploads\/2021\/03\/NEWSLETTER-AIP10.pdf\" data-type=\"URL\" target=\"_blank\">Pobierz Newsletter nr 10(2)\/2021<\/a><\/li>\n\n\n\n<li>Newsletter AIP nr 11 <a rel=\"noreferrer noopener\" href=\"https:\/\/akademiainzynierska.pl\/wp-content\/uploads\/2021\/05\/NEWSLETTER-AIP11.pdf\" data-type=\"URL\" target=\"_blank\">Pobierz Newsletter nr 11(3)\/2021<\/a><\/li>\n\n\n\n<li>Newsletter AIP nr 12 <a rel=\"noreferrer noopener\" href=\"https:\/\/akademiainzynierska.pl\/wp-content\/uploads\/2021\/07\/NEWSLETTER-AIP12.pdf\" data-type=\"URL\" target=\"_blank\">Pobierz Newsletter nr 12(4)\/2021<\/a><\/li>\n\n\n\n<li>Newsletter AIP nr 13 <a rel=\"noreferrer noopener\" href=\"https:\/\/akademiainzynierska.pl\/wp-content\/uploads\/2021\/11\/NEWSLETTER-AIP13.pdf\" data-type=\"URL\" target=\"_blank\">Pobierz Newsletter nr 13(5)\/2021<\/a><\/li>\n\n\n\n<li>Newsletter AIP nr 14 <a rel=\"noreferrer noopener\" href=\"https:\/\/akademiainzynierska.pl\/wp-content\/uploads\/2021\/12\/NEWSLETTER-AIP14.pdf\" data-type=\"URL\" data-id=\"https:\/\/akademiainzynierska.pl\/wp-content\/uploads\/2021\/12\/NEWSLETTER-AIP14.pdf\" target=\"_blank\">Pobierz Newsletter nr 14(6)\/2021<\/a><\/li>\n\n\n\n<li>Newsletter AIP nr 15 <a rel=\"noreferrer noopener\" href=\"https:\/\/akademiainzynierska.pl\/wp-content\/uploads\/2021\/12\/NEWSLETTER-AIP15.pdf\" data-type=\"URL\" target=\"_blank\">Pobierz Newsletter nr 15(7)\/2021<\/a><\/li>\n\n\n\n<li>Newsletter AIP nr 16 <a rel=\"noreferrer noopener\" href=\"https:\/\/akademiainzynierska.pl\/wp-content\/uploads\/2022\/02\/NEWSLETTER-AIP16-1.pdf\" data-type=\"URL\" target=\"_blank\">Pobierz Newsletter nr 16(1)\/2022<\/a><\/li>\n\n\n\n<li>Newsletter AIP nr 17 <a rel=\"noreferrer noopener\" href=\"https:\/\/akademiainzynierska.pl\/wp-content\/uploads\/2022\/04\/NEWSLETTER-AIP17-1.pdf\" data-type=\"URL\" target=\"_blank\">Pobierz Newsletter nr 17(2)\/2022<\/a><\/li>\n\n\n\n<li>Newsletter AIP nr 18 <a rel=\"noreferrer noopener\" href=\"https:\/\/akademiainzynierska.pl\/wp-content\/uploads\/2022\/04\/NEWSLETTER-AIP18.pdf\" data-type=\"URL\" target=\"_blank\">Pobierz Newsletter nr 18(3)\/2022<\/a><\/li>\n\n\n\n<li>Newsletter AIP nr 19 <a rel=\"noreferrer noopener\" href=\"https:\/\/akademiainzynierska.pl\/wp-content\/uploads\/2022\/05\/NEWSLETTER-AIP19.pdf\" data-type=\"URL\" target=\"_blank\">Pobierz Newsletter nr 19(4)\/2022<\/a><\/li>\n\n\n\n<li>Newsletter AIP nr 20 <a rel=\"noreferrer noopener\" href=\"https:\/\/akademiainzynierska.pl\/wp-content\/uploads\/2022\/05\/NEWSLETTER-AIP20.pdf\" target=\"_blank\">Pobierz Newsletter nr 20(5)\/2022<\/a><\/li>\n\n\n\n<li>Newsletter AIP nr 21 <a rel=\"noreferrer noopener\" href=\"https:\/\/akademiainzynierska.pl\/wp-content\/uploads\/2022\/06\/NEWSLETTER-AIP21.pdf\" target=\"_blank\">Pobierz Newsletter nr 21(6)\/2022<\/a><\/li>\n\n\n\n<li>Newsletter AIP nr 22 <a rel=\"noreferrer noopener\" href=\"https:\/\/akademiainzynierska.pl\/wp-content\/uploads\/2022\/08\/NEWSLETTER-AIP22.pdf\" target=\"_blank\">Pobierz Newsletter nr 22(7)\/2022<\/a><\/li>\n\n\n\n<li>Newsletter AIP nr 23 <a rel=\"noreferrer noopener\" href=\"https:\/\/akademiainzynierska.pl\/wp-content\/uploads\/2022\/09\/NEWSLETTER-AIP23.pdf\" target=\"_blank\">Pobierz Newsletter nr 23(8)\/2022<\/a><\/li>\n\n\n\n<li>Newsletter AIP nr 24 <a rel=\"noreferrer noopener\" href=\"https:\/\/akademiainzynierska.pl\/wp-content\/uploads\/2022\/10\/NEWSLETTER-AIP24.pdf\" target=\"_blank\">Pobierz Newsletter nr 24(9)\/2022<\/a><\/li>\n\n\n\n<li>Newsletter AIP nr 25 <a rel=\"noreferrer noopener\" href=\"https:\/\/akademiainzynierska.pl\/wp-content\/uploads\/2022\/11\/NEWSLETTER-AIP25.pdf\" target=\"_blank\">Pobierz Newsletter nr 25(10)\/2022<\/a><\/li>\n\n\n\n<li>Newsletter AIP nr 26 <a rel=\"noreferrer noopener\" href=\"https:\/\/akademiainzynierska.pl\/wp-content\/uploads\/2022\/12\/NEWSLETTER-AIP26.pdf\" target=\"_blank\">Pobierz Newsletter nr 26(11)\/2022<\/a><\/li>\n\n\n\n<li>Newsletter AIP nr 27 <a rel=\"noreferrer noopener\" href=\"https:\/\/akademiainzynierska.pl\/wp-content\/uploads\/2022\/12\/NEWSLETTER-AIP27.pdf\" target=\"_blank\">Pobierz Newsletter nr 27(12)\/2022<\/a><\/li>\n\n\n\n<li>Newsletter AIP nr 28 <a rel=\"noreferrer noopener\" href=\"https:\/\/akademiainzynierska.pl\/wp-content\/uploads\/2022\/12\/NEWSLETTER-AIP28.pdf\" target=\"_blank\">Pobierz Newsletter nr 28(13)\/2022<\/a><\/li>\n\n\n\n<li>Newsletter AIP nr 29 <a href=\"https:\/\/akademiainzynierska.pl\/wp-content\/uploads\/2023\/02\/NEWSLETTER-AIP29.pdf\" target=\"_blank\" rel=\"noreferrer noopener\">Pobierz Newsletter nr 29(1)\/2023<\/a><\/li>\n\n\n\n<li>Newsletter AIP nr 30 <a rel=\"noreferrer noopener\" href=\"https:\/\/akademiainzynierska.pl\/wp-content\/uploads\/2023\/04\/NEWSLETTER-AIP30.pdf\" target=\"_blank\">Pobierz Newsletter nr 30(2)\/2023<\/a><\/li>\n\n\n\n<li>Newsletter AIP nr 31 <a rel=\"noreferrer noopener\" href=\"https:\/\/akademiainzynierska.pl\/wp-content\/uploads\/2023\/04\/NEWSLETTER-AIP31.pdf\" target=\"_blank\">Pobierz Newsletter nr 31(3)\/2023<\/a><\/li>\n\n\n\n<li>Newsletter AIP nr 32 <a rel=\"noreferrer noopener\" href=\"https:\/\/akademiainzynierska.pl\/wp-content\/uploads\/2023\/06\/NEWSLETTER-AIP32.pdf\" target=\"_blank\">Pobierz Newsletter nr 32(4)\/2023<\/a><\/li>\n\n\n\n<li>Newsletter AIP nr 33 <a href=\"https:\/\/akademiainzynierska.pl\/wp-content\/uploads\/2023\/07\/NEWSLETTER-AIP33.pdf\" target=\"_blank\" rel=\"noreferrer noopener\">Pobierz Newsletter nr 33(5)\/2023<\/a><\/li>\n\n\n\n<li>Newsletter AIP nr 34&nbsp;<a rel=\"noreferrer noopener\" href=\"https:\/\/akademiainzynierska.pl\/wp-content\/uploads\/2023\/07\/NEWSLETTER-AIP34.pdf\" target=\"_blank\">Pobierz Newsletter nr 34(6)\/2023<\/a><\/li>\n\n\n\n<li>Newsletter AIP nr 35&nbsp;<a rel=\"noreferrer noopener\" href=\"https:\/\/akademiainzynierska.pl\/wp-content\/uploads\/2023\/08\/NEWSLETTER-AIP35.pdf\" target=\"_blank\">Pobierz Newsletter nr 35(7)\/2023<\/a><\/li>\n\n\n\n<li>Newsletter AIP nr 36&nbsp;<a rel=\"noreferrer noopener\" href=\"https:\/\/akademiainzynierska.pl\/wp-content\/uploads\/2023\/09\/NEWSLETTER-AIP36.pdf\" target=\"_blank\">Pobierz Newsletter nr 36(8)\/2023<\/a><\/li>\n\n\n\n<li>Newsletter AIP nr 37&nbsp;<a href=\"https:\/\/akademiainzynierska.pl\/wp-content\/uploads\/2023\/10\/NEWSLETTER-AIP37.pdf\" target=\"_blank\" rel=\"noreferrer noopener\">Pobierz Newsletter nr 37(9)\/2023<\/a><\/li>\n\n\n\n<li>Newsletter AIP nr 38&nbsp;<a href=\"https:\/\/akademiainzynierska.pl\/wp-content\/uploads\/2023\/11\/NEWSLETTER-AIP38.pdf\" target=\"_blank\" rel=\"noreferrer noopener\">Pobierz Newsletter nr 38(10)\/2023<\/a><\/li>\n\n\n\n<li>Newsletter AIP nr 39&nbsp;<a href=\"https:\/\/akademiainzynierska.pl\/wp-content\/uploads\/2023\/12\/NEWSLETTER-AIP39.pdf\" target=\"_blank\" rel=\"noreferrer noopener\">Pobierz Newsletter nr 39(11)\/2023<\/a><\/li>\n\n\n\n<li>Newsletter AIP nr 40&nbsp;<a href=\"https:\/\/akademiainzynierska.pl\/wp-content\/uploads\/2023\/12\/NEWSLETTER-AIP40a.pdf\" target=\"_blank\" rel=\"noreferrer noopener\">Pobierz Newsletter nr 40(12)\/2023<\/a><\/li>\n\n\n\n<li>Newsletter AIP nr 41&nbsp;<a href=\"https:\/\/akademiainzynierska.pl\/index.php\/2024\/02\/13\/newsletter-nr-141-2023\/\" target=\"_blank\" rel=\"noreferrer noopener\">Pobierz Newsletter nr 41(1)\/2024<\/a><\/li>\n\n\n\n<li>Newsletter AIP nr 42&nbsp;<a href=\"https:\/\/akademiainzynierska.pl\/wp-content\/uploads\/2024\/04\/NEWSLETTER-AIP42.pdf\" target=\"_blank\" rel=\"noreferrer noopener\">Pobierz Newsletter nr 42(2)\/2024<\/a><\/li>\n\n\n\n<li>Newsletter AIP nr 43&nbsp;<a href=\"https:\/\/akademiainzynierska.pl\/wp-content\/uploads\/2024\/04\/NEWSLETTER-AIP43.pdf\" target=\"_blank\" rel=\"noreferrer noopener\">Pobierz Newsletter nr 43(3)\/2024<\/a><\/li>\n\n\n\n<li>Newsletter AIP nr 44&nbsp;<a href=\"https:\/\/akademiainzynierska.pl\/wp-content\/uploads\/2024\/04\/NEWSLETTER-AIP44.pdf\" target=\"_blank\" rel=\"noreferrer noopener\">Pobierz Newsletter nr 44(4)\/2024<\/a><\/li>\n\n\n\n<li>Newsletter AIP nr 45&nbsp;<a href=\"https:\/\/akademiainzynierska.pl\/wp-content\/uploads\/2024\/04\/NEWSLETTER-AIP45.pdf\" target=\"_blank\" rel=\"noreferrer noopener\">Pobierz Newsletter nr 45(5)\/2024<\/a><\/li>\n\n\n\n<li>Newsletter AIP nr 46&nbsp;<a href=\"https:\/\/akademiainzynierska.pl\/wp-content\/uploads\/2024\/04\/NEWSLETTER-AIP46.pdf\" target=\"_blank\" rel=\"noreferrer noopener\">Pobierz Newsletter nr 46(6)\/2024<\/a><\/li>\n\n\n\n<li>Newsletter AIP nr 47&nbsp;<a href=\"https:\/\/akademiainzynierska.pl\/wp-content\/uploads\/2024\/06\/NEWSLETTER-AIP47.pdf\" target=\"_blank\" rel=\"noreferrer noopener\">Pobierz Newsletter nr 47(7)\/2024<\/a><\/li>\n\n\n\n<li>Newsletter AIP nr 48&nbsp;<a href=\"https:\/\/akademiainzynierska.pl\/wp-content\/uploads\/2024\/06\/NEWSLETTER-AIP48.pdf\">Pobierz Newsletter nr 48(8)\/2024<\/a><\/li>\n\n\n\n<li>Newsletter AIP nr 49&nbsp;<a href=\"https:\/\/akademiainzynierska.pl\/wp-content\/uploads\/2024\/07\/NEWSLETTER-AIP49.pdf\">Pobierz Newsletter nr 49(9)\/2024<\/a><\/li>\n\n\n\n<li>Newsletter AIP nr 50&nbsp;<a href=\"https:\/\/akademiainzynierska.pl\/wp-content\/uploads\/2024\/07\/NEWSLETTER-AIP50.pdf\">Pobierz Newsletter nr 50(10)\/2024<\/a><\/li>\n<\/ol>\n\n\n\n<p><a href=\"\"><\/a><\/p>\n","protected":false},"excerpt":{"rendered":"","protected":false},"author":2,"featured_media":0,"parent":0,"menu_order":0,"comment_status":"closed","ping_status":"closed","template":"","meta":{"footnotes":""},"class_list":["post-14","page","type-page","status-publish","hentry"],"_links":{"self":[{"href":"https:\/\/akademiainzynierska.pl\/index.php\/wp-json\/wp\/v2\/pages\/14","targetHints":{"allow":["GET"]}}],"collection":[{"href":"https:\/\/akademiainzynierska.pl\/index.php\/wp-json\/wp\/v2\/pages"}],"about":[{"href":"https:\/\/akademiainzynierska.pl\/index.php\/wp-json\/wp\/v2\/types\/page"}],"author":[{"embeddable":true,"href":"https:\/\/akademiainzynierska.pl\/index.php\/wp-json\/wp\/v2\/users\/2"}],"replies":[{"embeddable":true,"href":"https:\/\/akademiainzynierska.pl\/index.php\/wp-json\/wp\/v2\/comments?post=14"}],"version-history":[{"count":58,"href":"https:\/\/akademiainzynierska.pl\/index.php\/wp-json\/wp\/v2\/pages\/14\/revisions"}],"predecessor-version":[{"id":1692,"href":"https:\/\/akademiainzynierska.pl\/index.php\/wp-json\/wp\/v2\/pages\/14\/revisions\/1692"}],"wp:attachment":[{"href":"https:\/\/akademiainzynierska.pl\/index.php\/wp-json\/wp\/v2\/media?parent=14"}],"curies":[{"name":"wp","href":"https:\/\/api.w.org\/{rel}","templated":true}]}}